{"version":"1.0","provider_name":"Olio Le Ferre","provider_url":"https:\/\/olioleferre.com\/en","author_name":"Robweb","author_url":"https:\/\/olioleferre.com\/en\/author\/robweb\/","title":"LE FERRE a Parigi porta oli e sorrisi - Olio Le Ferre","type":"rich","width":600,"height":338,"html":"<blockquote class=\"wp-embedded-content\" data-secret=\"u6KBd534ee\"><a href=\"https:\/\/olioleferre.com\/en\/le-ferre-a-parigi-porta-oli-e-sorrisi\/\">LE FERRE a Parigi porta oli e sorrisi<\/a><\/blockquote><iframe sandbox=\"allow-scripts\" security=\"restricted\" src=\"https:\/\/olioleferre.com\/en\/le-ferre-a-parigi-porta-oli-e-sorrisi\/embed\/#?secret=u6KBd534ee\" width=\"600\" height=\"338\" title=\"&#8220;LE FERRE a Parigi porta oli e sorrisi&#8221; &#8212; Olio Le Ferre\" data-secret=\"u6KBd534ee\" frameborder=\"0\" marginwidth=\"0\" marginheight=\"0\" scrolling=\"no\" class=\"wp-embedded-content\"><\/iframe><script type=\"text\/javascript\">\n\/* <![CDATA[ *\/\n\/*! This file is auto-generated *\/\n!function(d,l){\"use strict\";l.querySelector&&d.addEventListener&&\"undefined\"!=typeof URL&&(d.wp=d.wp||{},d.wp.receiveEmbedMessage||(d.wp.receiveEmbedMessage=function(e){var t=e.data;if((t||t.secret||t.message||t.value)&&!\/[^a-zA-Z0-9]\/.test(t.secret)){for(var s,r,n,a=l.querySelectorAll('iframe[data-secret=\"'+t.secret+'\"]'),o=l.querySelectorAll('blockquote[data-secret=\"'+t.secret+'\"]'),c=new RegExp(\"^https?:$\",\"i\"),i=0;i<o.length;i++)o[i].style.display=\"none\";for(i=0;i<a.length;i++)s=a[i],e.source===s.contentWindow&&(s.removeAttribute(\"style\"),\"height\"===t.message?(1e3<(r=parseInt(t.value,10))?r=1e3:~~r<200&&(r=200),s.height=r):\"link\"===t.message&&(r=new URL(s.getAttribute(\"src\")),n=new URL(t.value),c.test(n.protocol))&&n.host===r.host&&l.activeElement===s&&(d.top.location.href=t.value))}},d.addEventListener(\"message\",d.wp.receiveEmbedMessage,!1),l.addEventListener(\"DOMContentLoaded\",function(){for(var e,t,s=l.querySelectorAll(\"iframe.wp-embedded-content\"),r=0;r<s.length;r++)(t=(e=s[r]).getAttribute(\"data-secret\"))||(t=Math.random().toString(36).substring(2,12),e.src+=\"#?secret=\"+t,e.setAttribute(\"data-secret\",t)),e.contentWindow.postMessage({message:\"ready\",secret:t},\"*\")},!1)))}(window,document);\n\/\/# sourceURL=https:\/\/olioleferre.com\/wp-includes\/js\/wp-embed.min.js\n\/* ]]> *\/\n<\/script>\n","thumbnail_url":"https:\/\/olioleferre.com\/wp-content\/uploads\/2024\/10\/Parigi-2022-_-e1728289035789.jpg","thumbnail_width":784,"thumbnail_height":799,"description":"Sara e Federica di Le Ferre tornano a Parigi! La capitale francese dal 19 al 23 Ottobre 2024 \u00e8 pronta ad ospitare &#8230;. Sara e Federica di Olio LE FERRE in occasione della 60\u00b0 edizione del SIAL. Una combinata esplosiva, espressione di tutto il brio aziendale. &nbsp; Sara, anima della comunicazione di Le Ferre da sempre, rappresenta il rigore istituzionale: dall&#8217;allestimento, all&#8217;ordine nello stand nulla \u00e8 lasciato al caso. &nbsp; Federica, dal sorprendete animo commerciale, \u00e8 catalizzatrice di business matching. Dall&#8217;Asia, alle Americhe nessuno le sfugge. &nbsp; &nbsp; &nbsp; &nbsp; Insieme, le lunghe giornate di fiera passano velocemente tra lavoro e divertimento. Cos\u00ec, mentre Sara \u00e8 alla continua ricerca di fiori e prodotti gluten-free per l&#8217;amica, Federica fotografa qualsiasi cosa per reportage da National Geographic. &nbsp; &nbsp; &nbsp; Parigi le ha gi\u00e0 viste insieme all&#8217;opera, pronte a portare LE FERRE dalla bella Francia, nel mondo. Il 2021 fu l&#8217;anno del Gourmet Selection. Un inizio tribolato per loro: Parigi era gi\u00e0 un cantiere aperto in vista delle Olimpiadi che si sarebbero tenute tre anni dopo. Si aggiunse uno sciopero dei servizi di trasporto e un furto in metropolitana a rendere l&#8217;arrivo a Parigi un autentico disastro! &nbsp; Ma eccole qui, il primo giorno di fiera pronte e sorridenti. Perch\u00e8 il sorriso, a dirla tutta, \u00e8 il loro vero superpotere! &nbsp; &nbsp; &nbsp; &nbsp; &nbsp; Nel 2022 ci fu il primo Sial di Federica, ancora inebriata dall&#8217;esperienza tedesca di Anuga, dove fu nutrita e coccolata da tutti con stinco, patate e partite di calcio (d&#8217;altronde, cosa puoi fare con un soggetto gluten-free, tifosa sfegatata?). &nbsp; &nbsp; &nbsp; &nbsp; &nbsp; &nbsp; Gli impegni internazionali sono un importante investimento per un&#8217; azienda che, come LE FERRE, punta allo sviluppo internazionale consapevole di poter offrire preparazione e servizi davvero efficienti, oltre che prodotti di qualit\u00e0 con la caratteristica, pressoch\u00e9 unica, di una offerta ampissima, incentrata sul cliente e sul concedergli la possibilit\u00e0 di &#8220;scegliere&#8221; il prodotto pi\u00f9 giusto per s\u00e9, il suo mercato e business. Ma, a far la differenza, nelle aziende -come nei viaggi- sono le persone. E quando sono insieme, le nostre Sara e Federica, sono davvero una bella squadra. Cercatele a Parigi! Partite da Paris Nord Villepinte. Entrate in fiera, svoltate subito a sinistra, primo padiglione, Hall 1. Seguite la bandiera italiana e l&#8217;alfabeto: lettera F. Stand F055. Vi aspettano l\u00ec. Per il resto, occhio in citt\u00e0: sono solite passeggiare a lungo, fino a tardi. &nbsp;"}

Sara e Federica di Le Ferre tornano a Parigi! La capitale francese dal 19 al 23 Ottobre 2024 è pronta ad ospitare &#8230;. Sara e Federica di Olio LE FERRE in occasione della 60° edizione del SIAL. Una combinata esplosiva, espressione di tutto il brio aziendale. &nbsp; Sara, anima della comunicazione di Le Ferre da sempre, rappresenta il rigore istituzionale: dall&#8217;allestimento, all&#8217;ordine nello stand nulla è lasciato al caso. &nbsp; Federica, dal sorprendete animo commerciale, è catalizzatrice di business matching. Dall&#8217;Asia, alle Americhe nessuno le sfugge. &nbsp; &nbsp; &nbsp; &nbsp; Insieme, le lunghe giornate di fiera passano velocemente tra lavoro e divertimento. Così, mentre Sara è alla continua ricerca di fiori e prodotti gluten-free per l&#8217;amica, Federica fotografa qualsiasi cosa per reportage da National Geographic. &nbsp; &nbsp; &nbsp; Parigi le ha già viste insieme all&#8217;opera, pronte a portare LE FERRE dalla bella Francia, nel mondo. Il 2021 fu l&#8217;anno del Gourmet Selection. Un inizio tribolato per loro: Parigi era già un cantiere aperto in vista delle Olimpiadi che si sarebbero tenute tre anni dopo. Si aggiunse uno sciopero dei servizi di trasporto e un furto in metropolitana a rendere l&#8217;arrivo a Parigi un autentico disastro! &nbsp; Ma eccole qui, il primo giorno di fiera pronte e sorridenti. Perchè il sorriso, a dirla tutta, è il loro vero superpotere! &nbsp; &nbsp; &nbsp; &nbsp; &nbsp; Nel 2022 ci fu il primo Sial di Federica, ancora inebriata dall&#8217;esperienza tedesca di Anuga, dove fu nutrita e coccolata da tutti con stinco, patate e partite di calcio (d&#8217;altronde, cosa puoi fare con un soggetto gluten-free, tifosa sfegatata?). &nbsp; &nbsp; &nbsp; &nbsp; &nbsp; &nbsp; Gli impegni internazionali sono un importante investimento per un&#8217; azienda che, come LE FERRE, punta allo sviluppo internazionale consapevole di poter offrire preparazione e servizi davvero efficienti, oltre che prodotti di qualità con la caratteristica, pressoché unica, di una offerta ampissima, incentrata sul cliente e sul concedergli la possibilità di &#8220;scegliere&#8221; il prodotto più giusto per sé, il suo mercato e business. Ma, a far la differenza, nelle aziende -come nei viaggi- sono le persone. E quando sono insieme, le nostre Sara e Federica, sono davvero una bella squadra. Cercatele a Parigi! Partite da Paris Nord Villepinte. Entrate in fiera, svoltate subito a sinistra, primo padiglione, Hall 1. Seguite la bandiera italiana e l&#8217;alfabeto: lettera F. Stand F055. Vi aspettano lì. Per il resto, occhio in città: sono solite passeggiare a lungo, fino a tardi. &nbsp;
